{"id":156,"date":"2025-09-09T20:02:19","date_gmt":"2025-09-09T20:02:19","guid":{"rendered":"https:\/\/dssbrightonhove.org.uk\/?page_id=156"},"modified":"2025-11-10T13:49:03","modified_gmt":"2025-11-10T13:49:03","slug":"dss-hompeage","status":"publish","type":"page","link":"https:\/\/dssbrightonhove.org.uk\/","title":{"rendered":"Homepage"},"content":{"rendered":"\n<p><\/p>\n\n\n\n<div class=\"wp-block-uagb-container uagb-block-naqpjvab alignfull uagb-is-root-container\"><div class=\"uagb-container-inner-blocks-wrap\">\n<div class=\"wp-block-uagb-info-box uagb-block-rjtvfwcw uagb-infobox__content-wrap  uagb-infobox-icon-above-title uagb-infobox-image-valign-top wp-block-uagb-info-box--has-margin\"><div class=\"uagb-infobox-margin-wrapper\"><div class=\"uagb-ifb-content\"><div class=\"uagb-ifb-title-wrap\"><span class=\"uagb-ifb-title-prefix\"><strong>Willkommen bei der Deutschen Samstagsschule Brighton &amp; Hove<\/strong><\/span><h2 class=\"uagb-ifb-title\"><strong>Deutsch leben, lernen und erleben<\/strong><\/h2><\/div><p class=\"uagb-ifb-desc\"><br>Die Deutsche Samstagsschule Brighton &amp; Hove ist ein Ort f\u00fcr Kinder aus deutschsprachigen oder bilingualen Familien, die ihre Sprachkenntnisse vertiefen, Freundschaften schlie\u00dfen und die deutsche Kultur gemeinsam erleben m\u00f6chten. Jeden Samstagmorgen treffen wir uns, um Deutsch in lebendigen, kindgerechten und kreativen Unterrichtseinheiten zu sprechen, lesen und schreiben \u2013 spielerisch, altersgerecht und mit Freude an der Sprache.<br><\/p><div class=\"uagb-ifb-button-wrapper wp-block-button\"><a href=\"https:\/\/dssbrightonhove.org.uk\/index.php\/unsere-schule\/\" class=\"uagb-infobox-cta-link wp-block-button__link\" target=\"_self\" rel=\"noopener noreferrer\" onclick=\"return true;\"><span class=\"uagb-inline-editing\">Mehr erfahren<\/span><svg xmlns=\"https:\/\/www.w3.org\/2000\/svg\" viewBox=\"0 0 256 512\"><path d=\"M64 448c-8.188 0-16.38-3.125-22.62-9.375c-12.5-12.5-12.5-32.75 0-45.25L178.8 256L41.38 118.6c-12.5-12.5-12.5-32.75 0-45.25s32.75-12.5 45.25 0l160 160c12.5 12.5 12.5 32.75 0 45.25l-160 160C80.38 444.9 72.19 448 64 448z\"><\/path><\/svg><\/a><\/div><\/div><\/div><\/div>\n\n\n\n<div class=\"wp-block-uagb-info-box uagb-block-ba2e9081 uagb-infobox__content-wrap  uagb-infobox-icon-above-title uagb-infobox-image-valign-top\"><div class=\"uagb-ifb-content\"><div class=\"uagb-ifb-title-wrap\"><\/div><p class=\"uagb-ifb-desc\"><br><\/p><\/div><\/div>\n<\/div><\/div>\n\n\n\n<div class=\"wp-block-group is-nowrap is-layout-flex wp-container-core-group-is-layout-6c531013 wp-block-group-is-layout-flex\">\n<div class=\"wp-block-uagb-image uagb-block-bbc17fa3 wp-block-uagb-image--layout-default wp-block-uagb-image--effect-static wp-block-uagb-image--align-none\"><figure class=\"wp-block-uagb-image__figure\"><img decoding=\"async\" srcset=\"https:\/\/dssbrightonhove.org.uk\/wp-content\/uploads\/2025\/11\/27b0296c-7649-43f4-a6e5-c000bba4f391-1024x768.jpg ,https:\/\/dssbrightonhove.org.uk\/wp-content\/uploads\/2025\/11\/27b0296c-7649-43f4-a6e5-c000bba4f391.jpg 780w, https:\/\/dssbrightonhove.org.uk\/wp-content\/uploads\/2025\/11\/27b0296c-7649-43f4-a6e5-c000bba4f391.jpg 360w\" sizes=\"auto, (max-width: 480px) 150px\" src=\"https:\/\/dssbrightonhove.org.uk\/wp-content\/uploads\/2025\/11\/27b0296c-7649-43f4-a6e5-c000bba4f391-1024x768.jpg\" alt=\"\" class=\"uag-image-1085\" width=\"400\" height=\"350\" title=\"27b0296c-7649-43f4-a6e5-c000bba4f391\" loading=\"lazy\" role=\"img\"\/><\/figure><\/div>\n\n\n\n<div class=\"wp-block-uagb-image uagb-block-35126eb0 wp-block-uagb-image--layout-default wp-block-uagb-image--effect-static wp-block-uagb-image--align-none\"><figure class=\"wp-block-uagb-image__figure\"><img decoding=\"async\" srcset=\"https:\/\/dssbrightonhove.org.uk\/wp-content\/uploads\/2025\/11\/c75b8af9-0374-413f-bffd-43ddb0c336d0-1-769x1024.jpg ,https:\/\/dssbrightonhove.org.uk\/wp-content\/uploads\/2025\/11\/c75b8af9-0374-413f-bffd-43ddb0c336d0-1.jpg 780w, https:\/\/dssbrightonhove.org.uk\/wp-content\/uploads\/2025\/11\/c75b8af9-0374-413f-bffd-43ddb0c336d0-1.jpg 360w\" sizes=\"auto, (max-width: 480px) 150px\" src=\"https:\/\/dssbrightonhove.org.uk\/wp-content\/uploads\/2025\/11\/c75b8af9-0374-413f-bffd-43ddb0c336d0-1-769x1024.jpg\" alt=\"\" class=\"uag-image-1083\" width=\"600\" height=\"500\" title=\"c75b8af9-0374-413f-bffd-43ddb0c336d0\" loading=\"lazy\" role=\"img\"\/><\/figure><\/div>\n\n\n\n<div class=\"wp-block-uagb-image uagb-block-b39b419c wp-block-uagb-image--layout-default wp-block-uagb-image--effect-static wp-block-uagb-image--align-none\"><figure class=\"wp-block-uagb-image__figure\"><img decoding=\"async\" srcset=\"https:\/\/dssbrightonhove.org.uk\/wp-content\/uploads\/2025\/11\/4ac1b146-9484-422e-b4ac-9c8b6c0734f2-300x225.jpg ,https:\/\/dssbrightonhove.org.uk\/wp-content\/uploads\/2025\/11\/4ac1b146-9484-422e-b4ac-9c8b6c0734f2.jpg 780w, https:\/\/dssbrightonhove.org.uk\/wp-content\/uploads\/2025\/11\/4ac1b146-9484-422e-b4ac-9c8b6c0734f2.jpg 360w\" sizes=\"auto, (max-width: 480px) 150px\" src=\"https:\/\/dssbrightonhove.org.uk\/wp-content\/uploads\/2025\/11\/4ac1b146-9484-422e-b4ac-9c8b6c0734f2-300x225.jpg\" alt=\"\" class=\"uag-image-1084\" width=\"300\" height=\"250\" title=\"4ac1b146-9484-422e-b4ac-9c8b6c0734f2\" loading=\"lazy\" role=\"img\"\/><\/figure><\/div>\n<\/div>\n\n\n\n<link href=\"https:\/\/fonts.googleapis.com\/css2?family=Lexend:wght@100...800&#038;display=swap\" rel=\"stylesheet\">\n\n<div class=\"smooth-wave-ticker\">\n    <svg class=\"wave-svg\" viewBox=\"0 0 1200 120\" preserveAspectRatio=\"none\">\n        <!-- Wave background -->\n        <path d=\"M0,45 Q100,15 200,45 T400,45 T600,45 T800,45 T1000,45 T1200,45 L1200,75 Q1100,105 1000,75 T800,75 T600,75 T400,75 T200,75 T0,75 Z\" \n              fill=\"#f98866\">\n            <animate attributeName=\"d\" \n                     values=\"M0,45 Q100,15 200,45 T400,45 T600,45 T800,45 T1000,45 T1200,45 L1200,75 Q1100,105 1000,75 T800,75 T600,75 T400,75 T200,75 T0,75 Z;\n                             M0,45 Q100,30 200,45 T400,45 T600,45 T800,45 T1000,45 T1200,45 L1200,75 Q1100,90 1000,75 T800,75 T600,75 T400,75 T200,75 T0,75 Z;\n                             M0,45 Q100,75 200,45 T400,45 T600,45 T800,45 T1000,45 T1200,45 L1200,75 Q1100,45 1000,75 T800,75 T600,75 T400,75 T200,75 T0,75 Z;\n                             M0,45 Q100,60 200,45 T400,45 T600,45 T800,45 T1000,45 T1200,45 L1200,75 Q1100,60 1000,75 T800,75 T600,75 T400,75 T200,75 T0,75 Z;\n                             M0,45 Q100,15 200,45 T400,45 T600,45 T800,45 T1000,45 T1200,45 L1200,75 Q1100,105 1000,75 T800,75 T600,75 T400,75 T200,75 T0,75 Z\"\n                     dur=\"6s\" \n                     repeatCount=\"indefinite\"\/>\n        <\/path>\n        \n        <!-- Invisible path for text to follow -->\n        <path id=\"textPath\" d=\"M0,60 Q100,30 200,60 T400,60 T600,60 T800,60 T1000,60 T1200,60 T1400,60 T1600,60 T1800,60 T2000,60 T2200,60 T2400,60\" \n              fill=\"none\" stroke=\"none\">\n            <animate attributeName=\"d\" \n                     values=\"M0,60 Q100,30 200,60 T400,60 T600,60 T800,60 T1000,60 T1200,60 T1400,60 T1600,60 T1800,60 T2000,60 T2200,60 T2400,60;\n                             M0,60 Q100,45 200,60 T400,60 T600,60 T800,60 T1000,60 T1200,60 T1400,60 T1600,60 T1800,60 T2000,60 T2200,60 T2400,60;\n                             M0,60 Q100,90 200,60 T400,60 T600,60 T800,60 T1000,60 T1200,60 T1400,60 T1600,60 T1800,60 T2000,60 T2200,60 T2400,60;\n                             M0,60 Q100,75 200,60 T400,60 T600,60 T800,60 T1000,60 T1200,60 T1400,60 T1616,60 T1800,60 T2000,60 T2200,60 T2400,60;\n                             M0,60 Q100,30 200,60 T400,60 T600,60 T800,60 T1000,60 T1200,60 T1400,60 T1600,60 T1800,60 T2000,60 T2200,60 T2400,60\"\n                     dur=\"6s\" \n                     repeatCount=\"indefinite\"\/>\n        <\/path>\n        \n        <!-- Text following the wave path -->\n        <text font-size=\"17\" font-weight=\"500\" letter-spacing=\"2px\" fill=\"white\" text-shadow=\"2px 2px 4px rgba(0,0,0,0.4)\" font-family=\"'Lexend', sans-serif\"\n              dominant-baseline=\"middle\" dy=\"1\">\n            <textPath href=\"#textPath\" startOffset=\"0%\">\n                <animate attributeName=\"startOffset\" \n                         values=\"0%;-100%\" \n                         dur=\"25s\" \n                         repeatCount=\"indefinite\"\/>\n                Lust zum Mitmachen? Wir freuen uns \u00fcber neue Gruppenhelfer und Lehrer!     \u2022     Lust zum Mitmachen? Wir freuen uns \u00fcber neue Gruppenhelfer und Lehrer!     \u2022     Lust zum Mitmachen? Wir freuen uns \u00fcber neue Gruppenhelfer und Lehrer!     \u2022     Lust zum Mitmachen? Wir freuen uns \u00fcber neue Gruppenhelfer und Lehrer! \n            <\/textPath>\n        <\/text>\n    <\/svg>\n<\/div>\n\n<style>\n.smooth-wave-ticker {\n    position: relative;\n    width: 100%;\n    height: 160px;\n    margin: 30px 0;\n    overflow: hidden;\n}\n\n.wave-svg {\n    position: absolute;\n    top: 0;\n    left: 0;\n    width: 100%;\n    height: 100%;\n}\n\n@media (max-width: 768px) {\n    .smooth-wave-ticker {\n        height: 100px;\n    }\n    .wave-svg text {\n        font-size: 17px;\n    }\n}\n<\/style>\n\n\n\n<div class=\"wp-block-uagb-container uagb-block-zeirzwb2 alignfull uagb-is-root-container\"><div class=\"uagb-container-inner-blocks-wrap\">\n<div class=\"wp-block-uagb-container uagb-block-xsbpltlr\">\n<div class=\"wp-block-uagb-container maincolour uagb-block-wxopa7rf\">\n<div class=\"wp-block-uagb-info-box uagb-block-avqcbdye uagb-infobox__content-wrap  uagb-infobox-icon-above-title uagb-infobox-image-valign-top\"><div class=\"uagb-ifb-content\"><div class=\"uagb-ifb-title-wrap\"><h3 class=\"uagb-ifb-title\">Wann?<\/h3><\/div><p class=\"uagb-ifb-desc\">Jeden Sonnabend von 10-12 Uhr w\u00e4hrend der Schulzeit. In den Ferien findet keine DSS statt.<\/p><\/div><\/div>\n<\/div>\n\n\n\n<div class=\"wp-block-uagb-container uagb-block-pmfhetca\">\n<div class=\"wp-block-uagb-info-box uagb-block-pmhhcfb8 uagb-infobox__content-wrap  uagb-infobox-icon-above-title uagb-infobox-image-valign-top\"><div class=\"uagb-ifb-content\"><div class=\"uagb-ifb-title-wrap\"><h3 class=\"uagb-ifb-title\">Wo?<\/h3><\/div><p class=\"uagb-ifb-desc\"><strong>Elm Grove Primary School<\/strong><br>Elm Grove, Brighton and Hove, Brighton BN2 3ES<br><a href=\"https:\/\/maps.app.goo.gl\/2Cw6d93e3y6DqhaU6\">Google Maps<\/a><\/p><\/div><\/div>\n<\/div>\n\n\n\n<div class=\"wp-block-uagb-container uagb-block-zhezqpir\">\n<div class=\"wp-block-uagb-info-box uagb-block-ueid0faq uagb-infobox__content-wrap  uagb-infobox-icon-above-title uagb-infobox-image-valign-top\"><div class=\"uagb-ifb-content\"><div class=\"uagb-ifb-title-wrap\"><h3 class=\"uagb-ifb-title\">Kontakt<\/h3><\/div><p class=\"uagb-ifb-desc\"><a href=\"https:\/\/dssbrightonhove.org.uk\/index.php\/kontakt\/\">Kontaktiere uns hier<\/a><br><br>F\u00fcr Anmeldungen &amp; Schnupperstunden: enrolment@dssbrightonhove.org.uk<\/p><\/div><\/div>\n<\/div>\n<\/div>\n<\/div><\/div>\n","protected":false},"excerpt":{"rendered":"<p>Lust zum Mitmachen? Wir freuen uns \u00fcber neue Gruppenhelfer und Lehrer! \u2022 Lust zum Mitmachen? Wir freuen uns \u00fcber neue Gruppenhelfer und Lehrer! \u2022 Lust zum Mitmachen? Wir freuen uns [&hellip;]<\/p>\n","protected":false},"author":2,"featured_media":0,"parent":0,"menu_order":0,"comment_status":"closed","ping_status":"closed","template":"","meta":{"_uag_custom_page_level_css":"","site-sidebar-layout":"default","site-content-layout":"","ast-site-content-layout":"default","site-content-style":"default","site-sidebar-style":"default","ast-global-header-display":"","ast-banner-title-visibility":"","ast-main-header-display":"","ast-hfb-above-header-display":"","ast-hfb-below-header-display":"","ast-hfb-mobile-header-display":"","site-post-title":"disabled","ast-breadcrumbs-content":"","ast-featured-img":"","footer-sml-layout":"","theme-transparent-header-meta":"","adv-header-id-meta":"","stick-header-meta":"","header-above-stick-meta":"","header-main-stick-meta":"","header-below-stick-meta":"","astra-migrate-meta-layouts":"default","ast-page-background-enabled":"default","ast-page-background-meta":{"desktop":{"background-color":"var(--ast-global-color-5)","background-image":"","background-repeat":"repeat","background-position":"center center","background-size":"auto","background-attachment":"scroll","background-type":"","background-media":"","overlay-type":"","overlay-color":"","overlay-opacity":"","overlay-gradient":""},"tablet":{"background-color":"","background-image":"","background-repeat":"repeat","background-position":"center center","background-size":"auto","background-attachment":"scroll","background-type":"","background-media":"","overlay-type":"","overlay-color":"","overlay-opacity":"","overlay-gradient":""},"mobile":{"background-color":"","background-image":"","background-repeat":"repeat","background-position":"center center","background-size":"auto","background-attachment":"scroll","background-type":"","background-media":"","overlay-type":"","overlay-color":"","overlay-opacity":"","overlay-gradient":""}},"ast-content-background-meta":{"desktop":{"background-color":"var(--ast-global-color-4)","background-image":"","background-repeat":"repeat","background-position":"center center","background-size":"auto","background-attachment":"scroll","background-type":"","background-media":"","overlay-type":"","overlay-color":"","overlay-opacity":"","overlay-gradient":""},"tablet":{"background-color":"var(--ast-global-color-4)","background-image":"","background-repeat":"repeat","background-position":"center center","background-size":"auto","background-attachment":"scroll","background-type":"","background-media":"","overlay-type":"","overlay-color":"","overlay-opacity":"","overlay-gradient":""},"mobile":{"background-color":"var(--ast-global-color-4)","background-image":"","background-repeat":"repeat","background-position":"center center","background-size":"auto","background-attachment":"scroll","background-type":"","background-media":"","overlay-type":"","overlay-color":"","overlay-opacity":"","overlay-gradient":""}},"_EventAllDay":false,"_EventTimezone":"","_EventStartDate":"","_EventEndDate":"","_EventStartDateUTC":"","_EventEndDateUTC":"","_EventShowMap":false,"_EventShowMapLink":false,"_EventURL":"","_EventCost":"","_EventCostDescription":"","_EventCurrencySymbol":"","_EventCurrencyCode":"","_EventCurrencyPosition":"","_EventDateTimeSeparator":"","_EventTimeRangeSeparator":"","_EventOrganizerID":[],"_EventVenueID":[],"_OrganizerEmail":"","_OrganizerPhone":"","_OrganizerWebsite":"","_VenueAddress":"","_VenueCity":"","_VenueCountry":"","_VenueProvince":"","_VenueState":"","_VenueZip":"","_VenuePhone":"","_VenueURL":"","_VenueStateProvince":"","_VenueLat":"","_VenueLng":"","_VenueShowMap":false,"_VenueShowMapLink":false,"footnotes":""},"class_list":["post-156","page","type-page","status-publish","hentry"],"yoast_head":"<!-- This site is optimized with the Yoast SEO plugin v25.9 - https:\/\/yoast.com\/wordpress\/plugins\/seo\/ -->\n<title>Deutsche Samstagsschule Brighton und Hove<\/title>\n<meta name=\"description\" content=\"Homepage der Deutschen Samstagsschule Brighton und Hove f\u00fcr zweisprachig aufwachsende Kinder.\" \/>\n<meta name=\"robots\" content=\"index, follow, max-snippet:-1, max-image-preview:large, max-video-preview:-1\" \/>\n<link rel=\"canonical\" href=\"https:\/\/dssbrightonhove.org.uk\/\" \/>\n<meta property=\"og:locale\" content=\"en_GB\" \/>\n<meta property=\"og:type\" content=\"article\" \/>\n<meta property=\"og:title\" content=\"Deutsche Samstagsschule Brighton und Hove\" \/>\n<meta property=\"og:description\" content=\"Homepage der Deutschen Samstagsschule Brighton und Hove f\u00fcr zweisprachig aufwachsende Kinder.\" \/>\n<meta property=\"og:url\" content=\"https:\/\/dssbrightonhove.org.uk\/\" \/>\n<meta property=\"og:site_name\" content=\"Deutsche Samstagsschule Brighton und Hove\" \/>\n<meta property=\"article:publisher\" content=\"https:\/\/www.facebook.com\/DeutscheSamstagsschuleBrightonHove\" \/>\n<meta property=\"article:modified_time\" content=\"2025-11-10T13:49:03+00:00\" \/>\n<meta property=\"og:image\" content=\"https:\/\/dssbrightonhove.org.uk\/wp-content\/uploads\/2025\/11\/27b0296c-7649-43f4-a6e5-c000bba4f391-1024x768.jpg\" \/>\n<meta name=\"twitter:card\" content=\"summary_large_image\" \/>\n<meta name=\"twitter:label1\" content=\"Estimated reading time\" \/>\n\t<meta name=\"twitter:data1\" content=\"2 minutes\" \/>\n<script type=\"application\/ld+json\" class=\"yoast-schema-graph\">{\"@context\":\"https:\/\/schema.org\",\"@graph\":[{\"@type\":\"WebPage\",\"@id\":\"https:\/\/dssbrightonhove.org.uk\/\",\"url\":\"https:\/\/dssbrightonhove.org.uk\/\",\"name\":\"Deutsche Samstagsschule Brighton und Hove\",\"isPartOf\":{\"@id\":\"https:\/\/dssbrightonhove.org.uk\/#website\"},\"primaryImageOfPage\":{\"@id\":\"https:\/\/dssbrightonhove.org.uk\/#primaryimage\"},\"image\":{\"@id\":\"https:\/\/dssbrightonhove.org.uk\/#primaryimage\"},\"thumbnailUrl\":\"https:\/\/dssbrightonhove.org.uk\/wp-content\/uploads\/2025\/11\/27b0296c-7649-43f4-a6e5-c000bba4f391-1024x768.jpg\",\"datePublished\":\"2025-09-09T20:02:19+00:00\",\"dateModified\":\"2025-11-10T13:49:03+00:00\",\"description\":\"Homepage der Deutschen Samstagsschule Brighton und Hove f\u00fcr zweisprachig aufwachsende Kinder.\",\"breadcrumb\":{\"@id\":\"https:\/\/dssbrightonhove.org.uk\/#breadcrumb\"},\"inLanguage\":\"en-GB\",\"potentialAction\":[{\"@type\":\"ReadAction\",\"target\":[\"https:\/\/dssbrightonhove.org.uk\/\"]}]},{\"@type\":\"ImageObject\",\"inLanguage\":\"en-GB\",\"@id\":\"https:\/\/dssbrightonhove.org.uk\/#primaryimage\",\"url\":\"https:\/\/dssbrightonhove.org.uk\/wp-content\/uploads\/2025\/11\/27b0296c-7649-43f4-a6e5-c000bba4f391.jpg\",\"contentUrl\":\"https:\/\/dssbrightonhove.org.uk\/wp-content\/uploads\/2025\/11\/27b0296c-7649-43f4-a6e5-c000bba4f391.jpg\",\"width\":2040,\"height\":1530},{\"@type\":\"BreadcrumbList\",\"@id\":\"https:\/\/dssbrightonhove.org.uk\/#breadcrumb\",\"itemListElement\":[{\"@type\":\"ListItem\",\"position\":1,\"name\":\"Home\",\"item\":\"https:\/\/dssbrightonhove.org.uk\/\"},{\"@type\":\"ListItem\",\"position\":2,\"name\":\"Homepage\"}]},{\"@type\":\"WebSite\",\"@id\":\"https:\/\/dssbrightonhove.org.uk\/#website\",\"url\":\"https:\/\/dssbrightonhove.org.uk\/\",\"name\":\"Deutsche Samstagsschule Brighton and Hove\",\"description\":\"\",\"publisher\":{\"@id\":\"https:\/\/dssbrightonhove.org.uk\/#organization\"},\"alternateName\":\"German Saturday School Brighton and Hove\",\"potentialAction\":[{\"@type\":\"SearchAction\",\"target\":{\"@type\":\"EntryPoint\",\"urlTemplate\":\"https:\/\/dssbrightonhove.org.uk\/?s={search_term_string}\"},\"query-input\":{\"@type\":\"PropertyValueSpecification\",\"valueRequired\":true,\"valueName\":\"search_term_string\"}}],\"inLanguage\":\"en-GB\"},{\"@type\":\"Organization\",\"@id\":\"https:\/\/dssbrightonhove.org.uk\/#organization\",\"name\":\"Deutsche Samstagsschule Brighton and Hove\",\"url\":\"https:\/\/dssbrightonhove.org.uk\/\",\"logo\":{\"@type\":\"ImageObject\",\"inLanguage\":\"en-GB\",\"@id\":\"https:\/\/dssbrightonhove.org.uk\/#\/schema\/logo\/image\/\",\"url\":\"https:\/\/dssbrightonhove.org.uk\/wp-content\/uploads\/2025\/09\/cropped-New-logo-2.6.png\",\"contentUrl\":\"https:\/\/dssbrightonhove.org.uk\/wp-content\/uploads\/2025\/09\/cropped-New-logo-2.6.png\",\"width\":500,\"height\":297,\"caption\":\"Deutsche Samstagsschule Brighton and Hove\"},\"image\":{\"@id\":\"https:\/\/dssbrightonhove.org.uk\/#\/schema\/logo\/image\/\"},\"sameAs\":[\"https:\/\/www.facebook.com\/DeutscheSamstagsschuleBrightonHove\"]}]}<\/script>\n<!-- \/ Yoast SEO plugin. -->","yoast_head_json":{"title":"Deutsche Samstagsschule Brighton und Hove","description":"Homepage der Deutschen Samstagsschule Brighton und Hove f\u00fcr zweisprachig aufwachsende Kinder.","robots":{"index":"index","follow":"follow","max-snippet":"max-snippet:-1","max-image-preview":"max-image-preview:large","max-video-preview":"max-video-preview:-1"},"canonical":"https:\/\/dssbrightonhove.org.uk\/","og_locale":"en_GB","og_type":"article","og_title":"Deutsche Samstagsschule Brighton und Hove","og_description":"Homepage der Deutschen Samstagsschule Brighton und Hove f\u00fcr zweisprachig aufwachsende Kinder.","og_url":"https:\/\/dssbrightonhove.org.uk\/","og_site_name":"Deutsche Samstagsschule Brighton und Hove","article_publisher":"https:\/\/www.facebook.com\/DeutscheSamstagsschuleBrightonHove","article_modified_time":"2025-11-10T13:49:03+00:00","og_image":[{"url":"https:\/\/dssbrightonhove.org.uk\/wp-content\/uploads\/2025\/11\/27b0296c-7649-43f4-a6e5-c000bba4f391-1024x768.jpg","type":"","width":"","height":""}],"twitter_card":"summary_large_image","twitter_misc":{"Estimated reading time":"2 minutes"},"schema":{"@context":"https:\/\/schema.org","@graph":[{"@type":"WebPage","@id":"https:\/\/dssbrightonhove.org.uk\/","url":"https:\/\/dssbrightonhove.org.uk\/","name":"Deutsche Samstagsschule Brighton und Hove","isPartOf":{"@id":"https:\/\/dssbrightonhove.org.uk\/#website"},"primaryImageOfPage":{"@id":"https:\/\/dssbrightonhove.org.uk\/#primaryimage"},"image":{"@id":"https:\/\/dssbrightonhove.org.uk\/#primaryimage"},"thumbnailUrl":"https:\/\/dssbrightonhove.org.uk\/wp-content\/uploads\/2025\/11\/27b0296c-7649-43f4-a6e5-c000bba4f391-1024x768.jpg","datePublished":"2025-09-09T20:02:19+00:00","dateModified":"2025-11-10T13:49:03+00:00","description":"Homepage der Deutschen Samstagsschule Brighton und Hove f\u00fcr zweisprachig aufwachsende Kinder.","breadcrumb":{"@id":"https:\/\/dssbrightonhove.org.uk\/#breadcrumb"},"inLanguage":"en-GB","potentialAction":[{"@type":"ReadAction","target":["https:\/\/dssbrightonhove.org.uk\/"]}]},{"@type":"ImageObject","inLanguage":"en-GB","@id":"https:\/\/dssbrightonhove.org.uk\/#primaryimage","url":"https:\/\/dssbrightonhove.org.uk\/wp-content\/uploads\/2025\/11\/27b0296c-7649-43f4-a6e5-c000bba4f391.jpg","contentUrl":"https:\/\/dssbrightonhove.org.uk\/wp-content\/uploads\/2025\/11\/27b0296c-7649-43f4-a6e5-c000bba4f391.jpg","width":2040,"height":1530},{"@type":"BreadcrumbList","@id":"https:\/\/dssbrightonhove.org.uk\/#breadcrumb","itemListElement":[{"@type":"ListItem","position":1,"name":"Home","item":"https:\/\/dssbrightonhove.org.uk\/"},{"@type":"ListItem","position":2,"name":"Homepage"}]},{"@type":"WebSite","@id":"https:\/\/dssbrightonhove.org.uk\/#website","url":"https:\/\/dssbrightonhove.org.uk\/","name":"Deutsche Samstagsschule Brighton and Hove","description":"","publisher":{"@id":"https:\/\/dssbrightonhove.org.uk\/#organization"},"alternateName":"German Saturday School Brighton and Hove","potentialAction":[{"@type":"SearchAction","target":{"@type":"EntryPoint","urlTemplate":"https:\/\/dssbrightonhove.org.uk\/?s={search_term_string}"},"query-input":{"@type":"PropertyValueSpecification","valueRequired":true,"valueName":"search_term_string"}}],"inLanguage":"en-GB"},{"@type":"Organization","@id":"https:\/\/dssbrightonhove.org.uk\/#organization","name":"Deutsche Samstagsschule Brighton and Hove","url":"https:\/\/dssbrightonhove.org.uk\/","logo":{"@type":"ImageObject","inLanguage":"en-GB","@id":"https:\/\/dssbrightonhove.org.uk\/#\/schema\/logo\/image\/","url":"https:\/\/dssbrightonhove.org.uk\/wp-content\/uploads\/2025\/09\/cropped-New-logo-2.6.png","contentUrl":"https:\/\/dssbrightonhove.org.uk\/wp-content\/uploads\/2025\/09\/cropped-New-logo-2.6.png","width":500,"height":297,"caption":"Deutsche Samstagsschule Brighton and Hove"},"image":{"@id":"https:\/\/dssbrightonhove.org.uk\/#\/schema\/logo\/image\/"},"sameAs":["https:\/\/www.facebook.com\/DeutscheSamstagsschuleBrightonHove"]}]}},"uagb_featured_image_src":{"full":false,"thumbnail":false,"medium":false,"medium_large":false,"large":false,"1536x1536":false,"2048x2048":false},"uagb_author_info":{"display_name":"Linda","author_link":"https:\/\/dssbrightonhove.org.uk\/index.php\/author\/designer\/"},"uagb_comment_info":0,"uagb_excerpt":"Lust zum Mitmachen? Wir freuen uns \u00fcber neue Gruppenhelfer und Lehrer! \u2022 Lust zum Mitmachen? Wir freuen uns \u00fcber neue Gruppenhelfer und Lehrer! \u2022 Lust zum Mitmachen? Wir freuen uns [&hellip;]","_links":{"self":[{"href":"https:\/\/dssbrightonhove.org.uk\/index.php\/wp-json\/wp\/v2\/pages\/156","targetHints":{"allow":["GET"]}}],"collection":[{"href":"https:\/\/dssbrightonhove.org.uk\/index.php\/wp-json\/wp\/v2\/pages"}],"about":[{"href":"https:\/\/dssbrightonhove.org.uk\/index.php\/wp-json\/wp\/v2\/types\/page"}],"author":[{"embeddable":true,"href":"https:\/\/dssbrightonhove.org.uk\/index.php\/wp-json\/wp\/v2\/users\/2"}],"replies":[{"embeddable":true,"href":"https:\/\/dssbrightonhove.org.uk\/index.php\/wp-json\/wp\/v2\/comments?post=156"}],"version-history":[{"count":75,"href":"https:\/\/dssbrightonhove.org.uk\/index.php\/wp-json\/wp\/v2\/pages\/156\/revisions"}],"predecessor-version":[{"id":1092,"href":"https:\/\/dssbrightonhove.org.uk\/index.php\/wp-json\/wp\/v2\/pages\/156\/revisions\/1092"}],"wp:attachment":[{"href":"https:\/\/dssbrightonhove.org.uk\/index.php\/wp-json\/wp\/v2\/media?parent=156"}],"curies":[{"name":"wp","href":"https:\/\/api.w.org\/{rel}","templated":true}]}}